-14 - 19 - -22) + -21?
-34
52 - (-5 - (-25 - -33) - -34)
31
Calculate 4 - 6 - (-37 - -2 - -42).
-9
32 - -23 - 24 - 31
0
Evaluate -130 + -46 + 177 + (0 - -2) + (0 - 24).
-21
What is -11 + 30 + (-11 - 16) + 3?
-5
Calculate -59 + (-3 + -15 - -8 - (-11 - -1)) + -7.
-66
What is 18 + (-1 - -17 - (-79 + 28 - 21))?
106
What is 26 - (50 - (122 - 51))?
47
-3 - (-6 + 7) - ((13 - -16) + -16)
-17
What is -130 + 167 - (0 + (5 - 2))?
34
Calculate (-16 - (9 - 12)) + -49 + 34.
-28
Calculate (39 - 98 - 31) + 159.
69
What is the value of (-13 - (-6 + -15)) + -13 + (-4 - (0 + 21))?
-30
(95 - ((5 - -5 - 16) + 1)) + 42 + -34
108
Evaluate -1 - (-7 + -2) - -2 - (-2 + 1 - -60).
-49
What is -28 + 9 + 3 + 10 + 1?
-5
What is 17 - -4 - 14 - (40 + 1 + -4 + 3)?
-33
Evaluate (2 - 6) + 15 + -16 + -11 - -60.
44
What is the value of (-57 - (-183 - -126)) + (0 - 72)?
-72
What is the value of (3 - 42) + (0 + -14 - (25 + -29)) + 0?
-49
What is -26 + (-51 - (15 + -107))?
15
Evaluate 47 - (-2 + 5) - (-174 - -163).
55
-24 + (-8 - (-18 - -8) - -15)
-7
-27 + 1 - (39 + -41 - (-27 + 22))
-29
Calculate 33 - (0 + (21 - (-7 - -33))).
38
What is the value of (-30 - (-3 - -25)) + -20 + (8 - 7)?
-71
Evaluate -18 + (-2 - 0) + -43 + 25.
-38
-29 - (-12 - (-1 - (16 - 11)) - -13)
-36
Evaluate (-14 - -8 - -5) + 12 + (-7 - 2 - -13).
15
Calculate 58 - 70 - (10 - 1 - (31 + (-1 - -3))).
12
-7 + (-31 + 35 - (-18 + -1))
16
What is 15 - (-2 + 4 + (-3 - (-24 - -14)))?
6
Calculate (-8 - -3) + (-32 - (-25 - 4)) + -44.
-52
What is the value of (-104 - -82 - 76) + 100?
2
Calculate -1971 - -1876 - (-109 + -2).
16
-100 - (158 + -76 + -147)
-35
Calculate 12 - (82 + -4 + -1 + -18).
-47
What is -8 + (376 - 323) + (-2 - 2 - -1)?
42
Calculate 36 + 30 + -29 + -38.
-1
What is 0 - (-12 + 10 + 1 + 1) - (-33 - -46)?
-13
Evaluate -103 + 0 - (-83 + 48 + -26 + 67).
-109
Calculate -10 - (-2 + 37 + (-54 - -37) + 0).
-28
Evaluate (0 - -73) + (-3902 - -3760).
-69
Calculate 60 + (-4 - 1) + (3 - -17).
75
-1 + -37 - (-46 + -118 + 175)
-49
Calculate -94 + (-1 - (-79 + -83)).
67
Calculate 126 + -11 + (49 - 81).
83
What is (4 - (1 - -3)) + (7 + 17 - 34) + -86?
-96
Calculate -4 + 10 + -4 + 57 + -64 + 50.
45
What is the value of 71 + 4 - 0 - (-3 + -2) - (157 - 152)?
75
What is -4 - (0 + 11 + 11 + 5)?
-31
What is 21 - -1 - (169 - 96) - 8?
-59
What is the value of 3 - ((-7 - -25) + -13 + (-7 - -1)) - 39?
-35
Evaluate (6 + -23 - -20) + -3 + (0 - -3 - -2).
5
(-18 - 0) + 7 + -12 + 9 - 11
-25
Evaluate (-5 - (-3 + 1)) + 29 + (28 - (72 + -12)).
-6
What is 11 - 2 - (51 + 0 + (14 - 6) + -2)?
-48
-2 + (-7 - 15) - -12 - 43
-55
What is the value of (-5 - 15) + (-48 - -30) - 15?
-53
Calculate 9 - ((-210 - -206) + (1 - 7) - (0 - 2)).
17
42 + (-26 + 9 + -19 + 15 - -6)
27
What is 1 + -36 + 7 + 80 + -32?
20
What is the value of -261 + 210 - (-36 - 0)?
-15
What is the value of (-150 - (126 + -275)) + 0 + 129 + (-1 - 9)?
118
What is the value of (130 - 61) + -19 + -36?
14
What is the value of 34 + -9 + -63 + 8?
-30
0 + 65 + -9 + 15 + (-34 - -56) + -13
80
What is the value of -28 + 29 - -78 - (-4 - (10 - 23))?
70
What is the value of -26 + 183 + -55 + 35 - (-3 - 1)?
141
What is 30 - (2 - -42 - -31) - ((0 - 0) + -4)?
-41
Calculate 61 - (69 - -15 - -21).
-44
Evaluate 40 - 0 - (-2 - 0) - (179 - (337 - 150)).
50
5 - 8 - -6 - (4 + -7 + -1) - -21
28
-19 + 1 + -15 + 281 + -278
-30
Evaluate -7 - (-2 + (1 - -1) + (283 - 276) - -72).
-86
What is -83 + (-40 - -74) + 85?
36
What is (-26 - 90) + -40 + 94?
-62
What is -43 - (-10 + (2 + 2 - (-22 + 18)))?
-41
-120 + 20 - (-415 + 388)
-73
Evaluate (-85 - -48) + 13 - 46.
-70
Evaluate -98 + 31 + 92 + (18 - 1).
42
What is the value of (9 + (42 - 31) - -51) + 6?
77
Evaluate 211 - (290 + -84 + -110).
115
Calculate -9 + (-53 + 4 - -2) + (1 - -4).
-51
What is the value of 61 + (-99 - -12) - (1 + -81)?
54
What is 2191 + -2242 - (3 + 0)?
-54
-17 - (-7 - -32 - 29 - 21)
8
Evaluate 15 - (44 + (62 - 162)).
71
Evaluate (186 - 170 - (11 + 3)) + -38 + 1 + 8.
-27
Calculate (-126 - -25) + 49 + 41.
-11
Calculate 4 + -2 + -77 - (2 + 13 + -37 + 11).
-64
What is the value of 40 - (-22 - -19 - -39) - (-6 - (0 + -1))?
9
What is the value of (-1 - 47) + -304 + 323 - -36?
7
What is -87 - (8 - 34 - -15 - -37)?
-113
Evaluate -98 - (-143 - 22 - -86).
-19
-14 + -12 + 8 - (0 - 8)
-10
Evaluate (109 + -63 - 158) + 233.
121
156 + -163 + (-30 - (-3 - -8))
-42
What is the value of -23 + 19 + -16 - (-2 - 11)?
-7
Evaluate -21 - (7 - -9 - (36 + -15)).
-16
What is the value of -20 - (46 - 119) - 69?
-16
What is (1 - (-1 + -1)) + (-357 - -355) - (3 + -40)?
38
What is the value of (8 - -44 - -1) + -28?
25
Evaluate -4 - (-6 + -18 - -1) - (-56 + 64).
11
What is 67 - (-31 + 189 + -83)?
-8
What is the value of 34 - (21 - -9 - 10 - -35)?
-21
36 - (-34 + 67 + -8)
11
-120 + (-23 - (82 - 124))
-101
What is the value of 2 - -61 - (-195 + 261)?
-3
Evaluate -15 + -4 - (-33 + (-2 - -34)).
-18
Calculate -28 - ((70 - 83) + 0 + 21).
-36
What is -9 + (12 - (-71 - -31))?
43
-7 - (5 - (-4 - (5 + -11))) - (-23 + 8)
5
Evaluate 8 + 4 - (-1 + -3 + 14).
2
Calculate -7 + -5 + -3 + 10 + -13.
-18
-6 - (20 + (20 + -7 - 4 - 36))
1
Evaluate 86 + -66 - ((14 - ((-3 - -6) + 3)) + 2).
10
Evaluate -12 + 37 - (9 + -2) - 68.
-50
Evaluate 136 - 49 - -10 - (2 - (-9 + -6)).
80
-44 + 9 - (-377 + 233)
109
What is 17 + (100 - 166) + (2 - 6)?
-53
What is -102 - (-27 + -38 - -40) - -17?
-60
Calculate 19 + (-7 + 10 - -11) + (-26 - -4).
11
Calculate (-67 - -86) + (-4 + 2 - (4 + (2 - -1))).
10
What is the value of 37 + 5 + 2 + -3 + -1 + (-332 - -325)?
33
What is (11 - 2 - -2) + (62 - 76 - 0)?
-3
Calculate 1 - (-27 + -11 - -51).
-12
Calculate 19 - (48 + -3) - 6 - -93.
61
151 - (244 + (-95 - 1))
3
Evaluate 27 + -43 + 78 - (-2 + 0 + 7).
57
What is the value of -79 - -64 - (0 - -17)?
-32
What is the value of -5 + (4 - (-10 - (-7 - 1))) + (-22 - -15)?
-6
Calculate -7 + (15 - (19 + -13)) + -3 - -17.
16
What is (-100 - -199 - 55) + (-1 - -20)?
63
What is -32 - (44 - (81 - 27))?
-22
What is the value of -71 + (41 - 179) + 84?
-125
Calculate 11 + -2 + (20 - 43) + 8.
-6
658 + -682 - (0 + 15) - -24
-15
What is -13 - ((-1 - -4 - (-718 + 682)) + 9)?
-61
What is the value of (-84 + -3 - 3) + -18 + (19 - (-23 + 18))?
-84
What is -110 + 168 + 43 + 5?
106
Evaluate 82 + 2 + (-115 - 34) + 158.
93
-14 + -5 + 6 + 2 + 4 + 57 + -3
47
Calculate -91 - (-46 + -21 + -49).
25
-74 - (64 + -41 - 158)
61
What is the value of -8 - (14 + (15 - 29)) - -16 - -2?
10
What is -89 - (30 + -80) - -4?
-35
Calculate (1 - 13) + (324 + -328 - (-1 - 13) - -64).
62
What is -4 + (13 - 2 - (29 + -33)) + 16?
27
What is the value of 29 - (-5 + 48 + -55)?
41
What is the value of -25 + (-134 - -277) + -130?
-12
What is the value of -66 - -37 - -85 - 79?
-23
What is -17 + (-19 + 17 - 17 - 14)?
-50
(39 - (-19 + 66)) + (-13 - (-4 + 3))
-20
Calculate 2 - (10 - (-8 + 11 + 32) - -4 - 1).
24
Calculate -166 + (318 - 53) + -107.
-8
Calculate -37 + 14 + -19 + 16 + -21.
-47
(15 + 4 + -1 - 8) + -70 + -7
-67
What is 2 + -80 + -820 + 877?
-21
Calculate (3 - (1 - (2 - 0) - 10)) + (-1577 - -1479).
-84
Evaluate 24 - (-9 + 4 + 10 - (-1 - -6)).
24
Evaluate -53 - (14 - 52 - 48).
33
What is the value of 41 + 16 + (-7 - 1) + -5 + 110 + -113?
41
What is 85 - ((53 + -23 - 5) + -20)?
80
Calculate -104 - (34 + (-59 - 162)).
83
-11 - (12 + -4 + 7 + -9 + 1)
-18
What is the value of -62 + 50 - ((-3 - -7) + 16 + 4)?
-36
Evaluate (-26 - -24 - -20) + -44 + 17.
-9
Evaluate 3 + (1 - (0 + (42 - -2))) - (785 - 788).
-37
What is the value of -22 - ((-27 - -37) + -38 + -89)?
95
-4 - 0 - 0 - -16 - (122 - 8 - 34)
-68
What is the value of 33 - (-24 + -13 - -32)?
38
2 + (-9 - (-5 + -1)) - -13
12
What is the value of -180 + 266 + (-18 - -5)?
73
Calculate 0 + 3 + (-1574 - -1563) - -79.
71
Evaluate -134 + 14 + 226 + -124.
-18
Evaluate -15 + 36 + 29 + -12 + -16.
22
What is the value of 12 - (-2 + 21 - -16)?
-23
What is 6 + -2 + -14 + -81 + 96 + 5 + 2?
12
What is the value of -4 + (30 - (7 - (-4 + 5 - -1))) - 6?
15
What is the value of -37 + 11 + (-27 - -96 - -20)?
63
Calculate 0 - -46 - (11 - -6).
29
Calculate (-12 - 0 - (41 + -26)) + -24.
-51
What is (-2 - (-6 + 29)) + 11 + (-16 - 0)?
-30
What is the value of -65 + -3 - (272 + -352)?
12
What is the value of 15 + 18 + -21 + -2 + -3 + -23?
-16
What is (-